{"id":35,"date":"2021-11-04T18:19:20","date_gmt":"2021-11-04T18:19:20","guid":{"rendered":"https:\/\/b-t.hu\/?page_id=35"},"modified":"2021-11-04T18:19:36","modified_gmt":"2021-11-04T18:19:36","slug":"jogi-atvilagitas","status":"publish","type":"page","link":"https:\/\/b-t.hu\/index.php\/jogi-atvilagitas\/","title":{"rendered":"Jogi \u00e1tvil\u00e1g\u00edt\u00e1s"},"content":{"rendered":"\t\t<div data-elementor-type=\"wp-page\" data-elementor-id=\"35\" class=\"elementor elementor-35\" data-elementor-settings=\"[]\">\n\t\t\t\t\t\t\t<div class=\"elementor-section-wrap\">\n\t\t\t\t\t\t\t<section class=\"elementor-section elementor-top-section elementor-element elementor-element-d68eca0 elementor-section-boxed elementor-section-height-default elementor-section-height-default\" data-id=\"d68eca0\" data-element_type=\"section\">\n\t\t\t\t\t\t<div class=\"elementor-container elementor-column-gap-default\">\n\t\t\t\t\t<div class=\"elementor-column elementor-col-100 elementor-top-column elementor-element elementor-element-38160c3\" data-id=\"38160c3\" data-element_type=\"column\">\n\t\t\t<div class=\"elementor-widget-wrap elementor-element-populated\">\n\t\t\t\t\t\t\t\t<div class=\"elementor-element elementor-element-6e207c0 elementor-widget elementor-widget-text-editor\" data-id=\"6e207c0\" data-element_type=\"widget\" data-widget_type=\"text-editor.default\">\n\t\t\t\t<div class=\"elementor-widget-container\">\n\t\t\t\t\t\t\t<p>Egy gazdas\u00e1gi t\u00e1rsas\u00e1g teljes jogi \u00e1tvil\u00e1g\u00edt\u00e1s\u00e1t jelenti. \u00c1tn\u00e9zz\u00fck a c\u00e9g \u00f6sszes szerz\u0151d\u00e9s\u00e9t, a teljes\u00edt\u00e9sigazol\u00e1sokat, egy\u00e9b okiratokat. Sz\u00fcks\u00e9g eset\u00e9n javaslatot tesz\u00fcnk a jogszer\u0171 m\u0171k\u00f6d\u00e9s helyre\u00e1ll\u00edt\u00e1s\u00e1ra. Erre f\u0151k\u00e9nt egy r\u00e9gebb \u00f3ta m\u0171k\u00f6d\u0151 gazdas\u00e1gi t\u00e1rsas\u00e1g megv\u00e1s\u00e1rl\u00e1sa, t\u00e1rsas\u00e1gok egyes\u00fcl\u00e9se eset\u00e9n van sz\u00fcks\u00e9g, de el\u0151fordulhat, hogy a t\u00e1rsas\u00e1g fejl\u0151d\u00e9s\u00e9nek egy bizonyos pontj\u00e1n a c\u00e9g maga hat\u00e1rozza el a m\u00falt rendbet\u00e9tel\u00e9t. Ezt a szolg\u00e1ltat\u00e1st partnereinkkel egy\u00fcttm\u0171k\u00f6dve p\u00e9nz\u00fcgyi audittal egy\u00fctt is k\u00edn\u00e1ljuk.<\/p>\t\t\t\t\t\t<\/div>\n\t\t\t\t<\/div>\n\t\t\t\t\t<\/div>\n\t\t<\/div>\n\t\t\t\t\t\t\t<\/div>\n\t\t<\/section>\n\t\t\t\t\t\t<\/div>\n\t\t\t\t\t<\/div>\n\t\t","protected":false},"excerpt":{"rendered":"<p>Egy gazdas\u00e1gi t\u00e1rsas\u00e1g teljes jogi \u00e1tvil\u00e1g\u00edt\u00e1s\u00e1t jelenti. \u00c1tn\u00e9zz\u00fck a c\u00e9g \u00f6sszes szerz\u0151d\u00e9s\u00e9t, a teljes\u00edt\u00e9sigazol\u00e1sokat, egy\u00e9b okiratokat. Sz\u00fcks\u00e9g eset\u00e9n javaslatot tesz\u00fcnk a jogszer\u0171 m\u0171k\u00f6d\u00e9s helyre\u00e1ll\u00edt\u00e1s\u00e1ra. Erre f\u0151k\u00e9nt egy r\u00e9gebb \u00f3ta m\u0171k\u00f6d\u0151 gazdas\u00e1gi t\u00e1rsas\u00e1g megv\u00e1s\u00e1rl\u00e1sa, t\u00e1rsas\u00e1gok egyes\u00fcl\u00e9se eset\u00e9n van sz\u00fcks\u00e9g, de el\u0151fordulhat, hogy a t\u00e1rsas\u00e1g fejl\u0151d\u00e9s\u00e9nek egy bizonyos pontj\u00e1n a c\u00e9g maga hat\u00e1rozza el a m\u00falt rendbet\u00e9tel\u00e9t.<\/p>\n","protected":false},"author":1,"featured_media":0,"parent":0,"menu_order":0,"comment_status":"closed","ping_status":"closed","template":"","meta":{"footnotes":""},"class_list":["post-35","page","type-page","status-publish"],"_links":{"self":[{"href":"https:\/\/b-t.hu\/index.php\/wp-json\/wp\/v2\/pages\/35","targetHints":{"allow":["GET"]}}],"collection":[{"href":"https:\/\/b-t.hu\/index.php\/wp-json\/wp\/v2\/pages"}],"about":[{"href":"https:\/\/b-t.hu\/index.php\/wp-json\/wp\/v2\/types\/page"}],"author":[{"embeddable":true,"href":"https:\/\/b-t.hu\/index.php\/wp-json\/wp\/v2\/users\/1"}],"replies":[{"embeddable":true,"href":"https:\/\/b-t.hu\/index.php\/wp-json\/wp\/v2\/comments?post=35"}],"version-history":[{"count":3,"href":"https:\/\/b-t.hu\/index.php\/wp-json\/wp\/v2\/pages\/35\/revisions"}],"predecessor-version":[{"id":39,"href":"https:\/\/b-t.hu\/index.php\/wp-json\/wp\/v2\/pages\/35\/revisions\/39"}],"wp:attachment":[{"href":"https:\/\/b-t.hu\/index.php\/wp-json\/wp\/v2\/media?parent=35"}],"curies":[{"name":"wp","href":"https:\/\/api.w.org\/{rel}","templated":true}]}}