{"id":17,"date":"2021-11-02T19:09:16","date_gmt":"2021-11-02T19:09:16","guid":{"rendered":"https:\/\/b-t.hu\/?page_id=17"},"modified":"2025-12-10T17:32:11","modified_gmt":"2025-12-10T17:32:11","slug":"munkatarsaink","status":"publish","type":"page","link":"https:\/\/b-t.hu\/index.php\/munkatarsaink\/","title":{"rendered":"Munkat\u00e1rsaink"},"content":{"rendered":"\t\t<div data-elementor-type=\"wp-page\" data-elementor-id=\"17\" class=\"elementor elementor-17\" data-elementor-settings=\"[]\">\n\t\t\t\t\t\t\t<div class=\"elementor-section-wrap\">\n\t\t\t\t\t\t\t<section class=\"elementor-section elementor-top-section elementor-element elementor-element-10be9a9 elementor-section-boxed elementor-section-height-default elementor-section-height-default\" data-id=\"10be9a9\" data-element_type=\"section\" data-settings=\"{&quot;background_background&quot;:&quot;classic&quot;}\">\n\t\t\t\t\t\t<div class=\"elementor-container elementor-column-gap-no\">\n\t\t\t\t\t<div class=\"elementor-column elementor-col-100 elementor-top-column elementor-element elementor-element-4408530\" data-id=\"4408530\" data-element_type=\"column\">\n\t\t\t<div class=\"elementor-widget-wrap elementor-element-populated\">\n\t\t\t\t\t\t\t\t<div class=\"elementor-element elementor-element-6ee10aa elementor-widget elementor-widget-heading\" data-id=\"6ee10aa\" data-element_type=\"widget\" data-widget_type=\"heading.default\">\n\t\t\t\t<div class=\"elementor-widget-container\">\n\t\t\t<h2 class=\"elementor-heading-title elementor-size-default\">Dr. Biczi Tam\u00e1s \u2013 \u00fcgyv\u00e9d<\/h2>\t\t<\/div>\n\t\t\t\t<\/div>\n\t\t\t\t\t<\/div>\n\t\t<\/div>\n\t\t\t\t\t\t\t<\/div>\n\t\t<\/section>\n\t\t\t\t<section class=\"elementor-section elementor-top-section elementor-element elementor-element-48c6011 elementor-section-content-top elementor-section-boxed elementor-section-height-default elementor-section-height-default\" data-id=\"48c6011\" data-element_type=\"section\">\n\t\t\t\t\t\t<div class=\"elementor-container elementor-column-gap-no\">\n\t\t\t\t\t<div class=\"elementor-column elementor-col-100 elementor-top-column elementor-element elementor-element-a5c1174\" data-id=\"a5c1174\" data-element_type=\"column\">\n\t\t\t<div class=\"elementor-widget-wrap elementor-element-populated\">\n\t\t\t\t\t\t\t\t<div class=\"elementor-element elementor-element-e771df5 elementor-widget elementor-widget-text-editor\" data-id=\"e771df5\" data-element_type=\"widget\" data-widget_type=\"text-editor.default\">\n\t\t\t\t<div class=\"elementor-widget-container\">\n\t\t\t\t\t\t\t<p><strong>Szakter\u00fclet:<\/strong>\u00a0 <a href=\"http:\/\/b-t.hu\/?page_id=53\">Szerz\u0151d\u00e9sek joga<\/a>, <a href=\"http:\/\/b-t.hu\/?page_id=56\">Szem\u00e9lyis\u00e9gi jogi perek<\/a>, <a href=\"http:\/\/b-t.hu\/?page_id=60\">Szellemi alkot\u00e1sok joga<\/a>, <a href=\"http:\/\/b-t.hu\/?page_id=117\">C\u00e9gek, v\u00e1llalatok \u00e1lland\u00f3 k\u00e9pviselete,<\/a> <a href=\"http:\/\/b-t.hu\/?page_id=114\">Gazdas\u00e1gi jogi jogvit\u00e1k, polg\u00e1ri peres \u00e9s nem peres elj\u00e1r\u00e1sok<\/a>, <a href=\"http:\/\/b-t.hu\/?page_id=257\">Polg\u00e1ri jog<\/a><\/p><p><strong>V\u00e9gzetts\u00e9g:<\/strong><\/p><ul><li>E\u00f6tv\u00f6s Lor\u00e1nd Tudom\u00e1nyegyetem, \u00c1llam- \u00e9s Jogtudom\u00e1nyi Kar jog\u00e1sz (1994),<\/li><li>T\u00e1rsas\u00e1gi jogi szakjog\u00e1sz (2001)<br \/><br \/><strong>Nyelvismeret:<\/strong> angol<\/li><\/ul>\t\t\t\t\t\t<\/div>\n\t\t\t\t<\/div>\n\t\t\t\t\t<\/div>\n\t\t<\/div>\n\t\t\t\t\t\t\t<\/div>\n\t\t<\/section>\n\t\t\t\t<section class=\"has-el-gap el-gap-default elementor-section elementor-top-section elementor-element elementor-element-7dbe751 elementor-section-boxed elementor-section-height-default elementor-section-height-default\" data-id=\"7dbe751\" data-element_type=\"section\">\n\t\t\t\t\t\t<div class=\"elementor-container elementor-column-gap-no\">\n\t\t\t\t\t<div class=\"elementor-column elementor-col-100 elementor-top-column elementor-element elementor-element-4a8e2d3\" data-id=\"4a8e2d3\" data-element_type=\"column\">\n\t\t\t<div class=\"elementor-widget-wrap elementor-element-populated\">\n\t\t\t\t\t\t\t\t<div class=\"elementor-element elementor-element-44a84da elementor-widget-divider--separator-type-pattern elementor-widget-divider--view-line elementor-widget elementor-widget-divider\" data-id=\"44a84da\" data-element_type=\"widget\" data-widget_type=\"divider.default\">\n\t\t\t\t<div class=\"elementor-widget-container\">\n\t\t\t\t\t<div class=\"elementor-divider\" style=\"--divider-pattern-url: url(&quot;data:image\/svg+xml,%3Csvg xmlns=&#039;http:\/\/www.w3.org\/2000\/svg&#039; preserveAspectRatio=&#039;none&#039; overflow=&#039;visible&#039; height=&#039;100%&#039; viewBox=&#039;0 0 20 16&#039; fill=&#039;none&#039; stroke=&#039;black&#039; stroke-width=&#039;1&#039; stroke-linecap=&#039;square&#039; stroke-miterlimit=&#039;10&#039;%3E%3Cg transform=&#039;translate(-12.000000, 0)&#039;%3E%3Cpath d=&#039;M28,0L10,18&#039;\/%3E%3Cpath d=&#039;M18,0L0,18&#039;\/%3E%3Cpath d=&#039;M48,0L30,18&#039;\/%3E%3Cpath d=&#039;M38,0L20,18&#039;\/%3E%3C\/g%3E%3C\/svg%3E&quot;);\">\n\t\t\t<span class=\"elementor-divider-separator\">\n\t\t\t\t\t\t<\/span>\n\t\t<\/div>\n\t\t\t\t<\/div>\n\t\t\t\t<\/div>\n\t\t\t\t\t<\/div>\n\t\t<\/div>\n\t\t\t\t\t\t\t<\/div>\n\t\t<\/section>\n\t\t\t\t<section class=\"elementor-section elementor-top-section elementor-element elementor-element-4d0e5f1 elementor-section-boxed elementor-section-height-default elementor-section-height-default\" data-id=\"4d0e5f1\" data-element_type=\"section\" data-settings=\"{&quot;background_background&quot;:&quot;classic&quot;}\">\n\t\t\t\t\t\t<div class=\"elementor-container elementor-column-gap-no\">\n\t\t\t\t\t<div class=\"elementor-column elementor-col-100 elementor-top-column elementor-element elementor-element-be6df13\" data-id=\"be6df13\" data-element_type=\"column\">\n\t\t\t<div class=\"elementor-widget-wrap elementor-element-populated\">\n\t\t\t\t\t\t\t\t<div class=\"elementor-element elementor-element-66727f9 elementor-widget elementor-widget-heading\" data-id=\"66727f9\" data-element_type=\"widget\" data-widget_type=\"heading.default\">\n\t\t\t\t<div class=\"elementor-widget-container\">\n\t\t\t<h2 class=\"elementor-heading-title elementor-size-default\">Dr. Turi Gy\u00f6rgy \u2013 \u00fcgyv\u00e9d<\/h2>\t\t<\/div>\n\t\t\t\t<\/div>\n\t\t\t\t\t<\/div>\n\t\t<\/div>\n\t\t\t\t\t\t\t<\/div>\n\t\t<\/section>\n\t\t\t\t<section class=\"elementor-section elementor-top-section elementor-element elementor-element-4b20970 elementor-section-boxed elementor-section-height-default elementor-section-height-default\" data-id=\"4b20970\" data-element_type=\"section\">\n\t\t\t\t\t\t<div class=\"elementor-container elementor-column-gap-default\">\n\t\t\t\t\t<div class=\"elementor-column elementor-col-100 elementor-top-column elementor-element elementor-element-5c5ef6c\" data-id=\"5c5ef6c\" data-element_type=\"column\">\n\t\t\t<div class=\"elementor-widget-wrap elementor-element-populated\">\n\t\t\t\t\t\t\t\t<div class=\"elementor-element elementor-element-991893f elementor-widget elementor-widget-text-editor\" data-id=\"991893f\" data-element_type=\"widget\" data-widget_type=\"text-editor.default\">\n\t\t\t\t<div class=\"elementor-widget-container\">\n\t\t\t\t\t\t\t<p><strong>Szakter\u00fclet:\u00a0<\/strong> <a href=\"http:\/\/b-t.hu\/?page_id=96\">K\u00f6zigazgat\u00e1si jog<\/a>, <a href=\"http:\/\/b-t.hu\/?page_id=100\">K\u00f6vetel\u00e9sek behajt\u00e1sa<\/a>,\u00a0<a href=\"http:\/\/b-t.hu\/?page_id=108\">Jogi \u00e1tvil\u00e1g\u00edt\u00e1s, <\/a><a href=\"http:\/\/b-t.hu\/?page_id=65\">Ingatlanjog<\/a><\/p><p><strong>V\u00e9gzetts\u00e9g:<\/strong><\/p><ul><li>E\u00f6tv\u00f6s Lor\u00e1nd Tudom\u00e1nyegyetem, \u00c1llam- \u00e9s Jogtudom\u00e1nyi Kar, jog\u00e1sz (2004)<\/li><\/ul><p><strong>Nyelvismeret:<\/strong> n\u00e9met, angol<\/p>\t\t\t\t\t\t<\/div>\n\t\t\t\t<\/div>\n\t\t\t\t\t<\/div>\n\t\t<\/div>\n\t\t\t\t\t\t\t<\/div>\n\t\t<\/section>\n\t\t\t\t<section class=\"has-el-gap el-gap-default elementor-section elementor-top-section elementor-element elementor-element-00b94f3 elementor-section-boxed elementor-section-height-default elementor-section-height-default\" data-id=\"00b94f3\" data-element_type=\"section\">\n\t\t\t\t\t\t<div class=\"elementor-container elementor-column-gap-no\">\n\t\t\t\t\t<div class=\"elementor-column elementor-col-100 elementor-top-column elementor-element elementor-element-07cca4a\" data-id=\"07cca4a\" data-element_type=\"column\">\n\t\t\t<div class=\"elementor-widget-wrap elementor-element-populated\">\n\t\t\t\t\t\t\t\t<div class=\"elementor-element elementor-element-29281b3 elementor-widget-divider--separator-type-pattern elementor-widget-divider--view-line elementor-widget elementor-widget-divider\" data-id=\"29281b3\" data-element_type=\"widget\" data-widget_type=\"divider.default\">\n\t\t\t\t<div class=\"elementor-widget-container\">\n\t\t\t\t\t<div class=\"elementor-divider\" style=\"--divider-pattern-url: url(&quot;data:image\/svg+xml,%3Csvg xmlns=&#039;http:\/\/www.w3.org\/2000\/svg&#039; preserveAspectRatio=&#039;none&#039; overflow=&#039;visible&#039; height=&#039;100%&#039; viewBox=&#039;0 0 20 16&#039; fill=&#039;none&#039; stroke=&#039;black&#039; stroke-width=&#039;1&#039; stroke-linecap=&#039;square&#039; stroke-miterlimit=&#039;10&#039;%3E%3Cg transform=&#039;translate(-12.000000, 0)&#039;%3E%3Cpath d=&#039;M28,0L10,18&#039;\/%3E%3Cpath d=&#039;M18,0L0,18&#039;\/%3E%3Cpath d=&#039;M48,0L30,18&#039;\/%3E%3Cpath d=&#039;M38,0L20,18&#039;\/%3E%3C\/g%3E%3C\/svg%3E&quot;);\">\n\t\t\t<span class=\"elementor-divider-separator\">\n\t\t\t\t\t\t<\/span>\n\t\t<\/div>\n\t\t\t\t<\/div>\n\t\t\t\t<\/div>\n\t\t\t\t\t<\/div>\n\t\t<\/div>\n\t\t\t\t\t\t\t<\/div>\n\t\t<\/section>\n\t\t\t\t<section class=\"elementor-section elementor-top-section elementor-element elementor-element-b22dcc5 elementor-section-boxed elementor-section-height-default elementor-section-height-default\" data-id=\"b22dcc5\" data-element_type=\"section\" data-settings=\"{&quot;background_background&quot;:&quot;classic&quot;}\">\n\t\t\t\t\t\t<div class=\"elementor-container elementor-column-gap-no\">\n\t\t\t\t\t<div class=\"elementor-column elementor-col-100 elementor-top-column elementor-element elementor-element-2aea5ac\" data-id=\"2aea5ac\" data-element_type=\"column\">\n\t\t\t<div class=\"elementor-widget-wrap elementor-element-populated\">\n\t\t\t\t\t\t\t\t<div class=\"elementor-element elementor-element-b46b196 elementor-widget elementor-widget-heading\" data-id=\"b46b196\" data-element_type=\"widget\" data-widget_type=\"heading.default\">\n\t\t\t\t<div class=\"elementor-widget-container\">\n\t\t\t<h2 class=\"elementor-heading-title elementor-size-default\">Dr. Margita M\u00e1t\u00e9  LL.M \u2013 \u00fcgyv\u00e9d<\/h2>\t\t<\/div>\n\t\t\t\t<\/div>\n\t\t\t\t\t<\/div>\n\t\t<\/div>\n\t\t\t\t\t\t\t<\/div>\n\t\t<\/section>\n\t\t\t\t<section class=\"elementor-section elementor-top-section elementor-element elementor-element-03aeda0 elementor-section-boxed elementor-section-height-default elementor-section-height-default\" data-id=\"03aeda0\" data-element_type=\"section\">\n\t\t\t\t\t\t<div class=\"elementor-container elementor-column-gap-default\">\n\t\t\t\t\t<div class=\"elementor-column elementor-col-100 elementor-top-column elementor-element elementor-element-01cfe3d\" data-id=\"01cfe3d\" data-element_type=\"column\">\n\t\t\t<div class=\"elementor-widget-wrap elementor-element-populated\">\n\t\t\t\t\t\t\t\t<div class=\"elementor-element elementor-element-f94d19f elementor-widget elementor-widget-text-editor\" data-id=\"f94d19f\" data-element_type=\"widget\" data-widget_type=\"text-editor.default\">\n\t\t\t\t<div class=\"elementor-widget-container\">\n\t\t\t\t\t\t\t<p><strong>Szakter\u00fclet: <\/strong>T\u00e1rsas\u00e1gi jog, Polg\u00e1ri jog, Perjog, Energiajog, K\u00f6zigazgat\u00e1si jog, Ingatlanjog, Jogi \u00e1tvil\u00e1g\u00edt\u00e1s<\/p><p><strong>V\u00e9gzetts\u00e9g:<\/strong><\/p><ul><li style=\"font-size: 14px;\"><div dir=\"ltr\" style=\"font-size: 14px;\"><span style=\"font-size: 14px; color: #212121;\">K\u00e1roli G\u00e1sp\u00e1r Reform\u00e1tus Egyetem \u00c1llam- \u00e9s Jogtudom\u00e1nyi Kar &#8211;\u00a0\u00a0<\/span>Energetikai \u00e9s term\u00e9szeti er\u0151forr\u00e1sok szakjog\u00e1sz\u00a0(LL.M.) 2021<\/div><\/li><li>K\u00e1roli G\u00e1sp\u00e1r Reform\u00e1tus Egyetem \u00c1llam-\u00e9s Jogtudom\u00e1nyi Kar, jog\u00e1sz 2016<\/li><\/ul><p><strong>Nyelvismeret:<\/strong> angol<\/p>\t\t\t\t\t\t<\/div>\n\t\t\t\t<\/div>\n\t\t\t\t\t<\/div>\n\t\t<\/div>\n\t\t\t\t\t\t\t<\/div>\n\t\t<\/section>\n\t\t\t\t<section class=\"has-el-gap el-gap-default elementor-section elementor-top-section elementor-element elementor-element-680f637 elementor-section-boxed elementor-section-height-default elementor-section-height-default\" data-id=\"680f637\" data-element_type=\"section\">\n\t\t\t\t\t\t<div class=\"elementor-container elementor-column-gap-no\">\n\t\t\t\t\t<div class=\"elementor-column elementor-col-100 elementor-top-column elementor-element elementor-element-4119239\" data-id=\"4119239\" data-element_type=\"column\">\n\t\t\t<div class=\"elementor-widget-wrap elementor-element-populated\">\n\t\t\t\t\t\t\t\t<div class=\"elementor-element elementor-element-127828a elementor-widget-divider--separator-type-pattern elementor-widget-divider--view-line elementor-widget elementor-widget-divider\" data-id=\"127828a\" data-element_type=\"widget\" data-widget_type=\"divider.default\">\n\t\t\t\t<div class=\"elementor-widget-container\">\n\t\t\t\t\t<div class=\"elementor-divider\" style=\"--divider-pattern-url: url(&quot;data:image\/svg+xml,%3Csvg xmlns=&#039;http:\/\/www.w3.org\/2000\/svg&#039; preserveAspectRatio=&#039;none&#039; overflow=&#039;visible&#039; height=&#039;100%&#039; viewBox=&#039;0 0 20 16&#039; fill=&#039;none&#039; stroke=&#039;black&#039; stroke-width=&#039;1&#039; stroke-linecap=&#039;square&#039; stroke-miterlimit=&#039;10&#039;%3E%3Cg transform=&#039;translate(-12.000000, 0)&#039;%3E%3Cpath d=&#039;M28,0L10,18&#039;\/%3E%3Cpath d=&#039;M18,0L0,18&#039;\/%3E%3Cpath d=&#039;M48,0L30,18&#039;\/%3E%3Cpath d=&#039;M38,0L20,18&#039;\/%3E%3C\/g%3E%3C\/svg%3E&quot;);\">\n\t\t\t<span class=\"elementor-divider-separator\">\n\t\t\t\t\t\t<\/span>\n\t\t<\/div>\n\t\t\t\t<\/div>\n\t\t\t\t<\/div>\n\t\t\t\t\t<\/div>\n\t\t<\/div>\n\t\t\t\t\t\t\t<\/div>\n\t\t<\/section>\n\t\t\t\t<section class=\"elementor-section elementor-top-section elementor-element elementor-element-37af26a elementor-section-boxed elementor-section-height-default elementor-section-height-default\" data-id=\"37af26a\" data-element_type=\"section\" data-settings=\"{&quot;background_background&quot;:&quot;classic&quot;}\">\n\t\t\t\t\t\t<div class=\"elementor-container elementor-column-gap-no\">\n\t\t\t\t\t<div class=\"elementor-column elementor-col-100 elementor-top-column elementor-element elementor-element-2df9c54\" data-id=\"2df9c54\" data-element_type=\"column\">\n\t\t\t<div class=\"elementor-widget-wrap elementor-element-populated\">\n\t\t\t\t\t\t\t\t<div class=\"elementor-element elementor-element-cb744b6 elementor-widget elementor-widget-heading\" data-id=\"cb744b6\" data-element_type=\"widget\" data-widget_type=\"heading.default\">\n\t\t\t\t<div class=\"elementor-widget-container\">\n\t\t\t<h2 class=\"elementor-heading-title elementor-size-default\">Dr. Koll\u00e1th Mih\u00e1ly G\u00e1bor LL.M - \u00fcgyv\u00e9d<\/h2>\t\t<\/div>\n\t\t\t\t<\/div>\n\t\t\t\t\t<\/div>\n\t\t<\/div>\n\t\t\t\t\t\t\t<\/div>\n\t\t<\/section>\n\t\t\t\t<section class=\"elementor-section elementor-top-section elementor-element elementor-element-734fcde elementor-section-boxed elementor-section-height-default elementor-section-height-default\" data-id=\"734fcde\" data-element_type=\"section\">\n\t\t\t\t\t\t<div class=\"elementor-container elementor-column-gap-default\">\n\t\t\t\t\t<div class=\"elementor-column elementor-col-100 elementor-top-column elementor-element elementor-element-ea8c053\" data-id=\"ea8c053\" data-element_type=\"column\">\n\t\t\t<div class=\"elementor-widget-wrap elementor-element-populated\">\n\t\t\t\t\t\t\t\t<div class=\"elementor-element elementor-element-c3a43cc elementor-widget elementor-widget-text-editor\" data-id=\"c3a43cc\" data-element_type=\"widget\" data-widget_type=\"text-editor.default\">\n\t\t\t\t<div class=\"elementor-widget-container\">\n\t\t\t\t\t\t\t<p><strong>Szakter\u00fclet: <\/strong>Polg\u00e1ri jog, Szerz\u0151d\u00e9sek joga, Szem\u00e9lyis\u00e9gi jogok, Polg\u00e1ri peres \u00e9s nemperes elj\u00e1r\u00e1sok, C\u00e9gek, v\u00e1llalatok \u00e1lland\u00f3 k\u00e9pviselete, M\u00e9diajog, Civil szervezetek joga, Energiajog<\/p><p><strong>V\u00e9gzetts\u00e9g:<\/strong><\/p><ul><li style=\"font-size: 14px;\"><span style=\"font-size: 14px; font-family: 'Open Sans', system-ui, sans-serif;\">Debreceni Egyetem,\u00a0<\/span>\u00c1llam- \u00e9s Jogtudom\u00e1nyi Kar, fogyaszt\u00f3v\u00e9delmi szakjog\u00e1sz (LL.M.) (2025)<\/li><li><span style=\"font-family: 'Open Sans', system-ui, sans-serif; font-size: 14px;\">P\u00e1zm\u00e1ny P\u00e9ter Katolikus Egyetem,\u00a0<\/span>B\u00f6lcs\u00e9szet- \u00e9s T\u00e1rsadalomtudom\u00e1nyi Kar &#8211;\u00a0Inform\u00e1ci\u00f3s Technol\u00f3giai \u00e9s Bionikai Kar, mesters\u00e9ges intelligencia alkalmaz\u00e1si szakember (2024)<\/li><li><span style=\"font-family: 'Open Sans', system-ui, sans-serif; font-size: 14px;\">P\u00e1zm\u00e1ny P\u00e9ter Katolikus Egyetem,<\/span>\u00a0Jog- \u00e9s \u00c1llamtudom\u00e1nyi Kar, szab\u00e1lyozott ipar\u00e1gi szakjog\u00e1sz (LL.M.) (2023)<\/li><li>Budapesti Gazdas\u00e1gi Egyetem,\u00a0Kereskedelmi, Vend\u00e9gl\u00e1t\u00f3ipari \u00e9s Idegenforgalmi Kar, k\u00f6zgazd\u00e1sz alapszak (kereskedelem specializ\u00e1ci\u00f3) (2023)<\/li><li>E\u00f6tv\u00f6s Lor\u00e1nd Tudom\u00e1nyegyetem, \u00c1llam- \u00e9s Jogtudom\u00e1nyi Kar, jog\u00e1sz szak (2020)<\/li><li>E\u00f6tv\u00f6s Lor\u00e1nd Tudom\u00e1nyegyetem, \u00c1llam- \u00e9s Jogtudom\u00e1nyi Kar, politol\u00f3gia alapszak (2019)<\/li><\/ul><p><strong>Nyelvismeret:<\/strong> angol<\/p>\t\t\t\t\t\t<\/div>\n\t\t\t\t<\/div>\n\t\t\t\t\t<\/div>\n\t\t<\/div>\n\t\t\t\t\t\t\t<\/div>\n\t\t<\/section>\n\t\t\t\t<section class=\"has-el-gap el-gap-default elementor-section elementor-top-section elementor-element elementor-element-ce7e9d3 elementor-section-boxed elementor-section-height-default elementor-section-height-default\" data-id=\"ce7e9d3\" data-element_type=\"section\">\n\t\t\t\t\t\t<div class=\"elementor-container elementor-column-gap-no\">\n\t\t\t\t\t<div class=\"elementor-column elementor-col-100 elementor-top-column elementor-element elementor-element-6e2cb6c\" data-id=\"6e2cb6c\" data-element_type=\"column\">\n\t\t\t<div class=\"elementor-widget-wrap elementor-element-populated\">\n\t\t\t\t\t\t\t\t<div class=\"elementor-element elementor-element-3c1fb5a elementor-widget-divider--separator-type-pattern elementor-widget-divider--view-line elementor-widget elementor-widget-divider\" data-id=\"3c1fb5a\" data-element_type=\"widget\" data-widget_type=\"divider.default\">\n\t\t\t\t<div class=\"elementor-widget-container\">\n\t\t\t\t\t<div class=\"elementor-divider\" style=\"--divider-pattern-url: url(&quot;data:image\/svg+xml,%3Csvg xmlns=&#039;http:\/\/www.w3.org\/2000\/svg&#039; preserveAspectRatio=&#039;none&#039; overflow=&#039;visible&#039; height=&#039;100%&#039; viewBox=&#039;0 0 20 16&#039; fill=&#039;none&#039; stroke=&#039;black&#039; stroke-width=&#039;1&#039; stroke-linecap=&#039;square&#039; stroke-miterlimit=&#039;10&#039;%3E%3Cg transform=&#039;translate(-12.000000, 0)&#039;%3E%3Cpath d=&#039;M28,0L10,18&#039;\/%3E%3Cpath d=&#039;M18,0L0,18&#039;\/%3E%3Cpath d=&#039;M48,0L30,18&#039;\/%3E%3Cpath d=&#039;M38,0L20,18&#039;\/%3E%3C\/g%3E%3C\/svg%3E&quot;);\">\n\t\t\t<span class=\"elementor-divider-separator\">\n\t\t\t\t\t\t<\/span>\n\t\t<\/div>\n\t\t\t\t<\/div>\n\t\t\t\t<\/div>\n\t\t\t\t\t<\/div>\n\t\t<\/div>\n\t\t\t\t\t\t\t<\/div>\n\t\t<\/section>\n\t\t\t\t<section class=\"elementor-section elementor-top-section elementor-element elementor-element-1bcfddd elementor-section-boxed elementor-section-height-default elementor-section-height-default\" data-id=\"1bcfddd\" data-element_type=\"section\" data-settings=\"{&quot;background_background&quot;:&quot;classic&quot;}\">\n\t\t\t\t\t\t<div class=\"elementor-container elementor-column-gap-no\">\n\t\t\t\t\t<div class=\"elementor-column elementor-col-100 elementor-top-column elementor-element elementor-element-0a53207\" data-id=\"0a53207\" data-element_type=\"column\">\n\t\t\t<div class=\"elementor-widget-wrap elementor-element-populated\">\n\t\t\t\t\t\t\t\t<div class=\"elementor-element elementor-element-dbdc33d elementor-widget elementor-widget-heading\" data-id=\"dbdc33d\" data-element_type=\"widget\" data-widget_type=\"heading.default\">\n\t\t\t\t<div class=\"elementor-widget-container\">\n\t\t\t<h2 class=\"elementor-heading-title elementor-size-default\">Dr. Gen\u00e1l Alexandra LL.M - \u00fcgyv\u00e9djel\u00f6lt<\/h2>\t\t<\/div>\n\t\t\t\t<\/div>\n\t\t\t\t\t<\/div>\n\t\t<\/div>\n\t\t\t\t\t\t\t<\/div>\n\t\t<\/section>\n\t\t\t\t<section class=\"elementor-section elementor-top-section elementor-element elementor-element-593c0c5 elementor-section-boxed elementor-section-height-default elementor-section-height-default\" data-id=\"593c0c5\" data-element_type=\"section\">\n\t\t\t\t\t\t<div class=\"elementor-container elementor-column-gap-default\">\n\t\t\t\t\t<div class=\"elementor-column elementor-col-100 elementor-top-column elementor-element elementor-element-fafa6f6\" data-id=\"fafa6f6\" data-element_type=\"column\">\n\t\t\t<div class=\"elementor-widget-wrap elementor-element-populated\">\n\t\t\t\t\t\t\t\t<div class=\"elementor-element elementor-element-6fc13f3 elementor-widget elementor-widget-text-editor\" data-id=\"6fc13f3\" data-element_type=\"widget\" data-widget_type=\"text-editor.default\">\n\t\t\t\t<div class=\"elementor-widget-container\">\n\t\t\t\t\t\t\t<p style=\"font-size: 14px; font-family: 'Open Sans', system-ui, sans-serif;\"><span style=\"font-size: 14px;\"><b>Szakter\u00fclet:&nbsp;<\/b><\/span>T\u00e1rsas\u00e1gi jog, <a style=\"font-size: 14px; font-family: 'Open Sans', system-ui, sans-serif;\" href=\"http:\/\/b-t.hu\/?page_id=53\">Szerz\u0151d\u00e9sek joga<\/a><span style=\"font-family: 'Open Sans', system-ui, sans-serif; font-size: 14px;\">,<\/span>&nbsp;K\u00f6zigazgat\u00e1si jog, Ingatlanjog, Jogi \u00e1tvil\u00e1g\u00edt\u00e1s,&nbsp;<span style=\"font-family: 'Open Sans', system-ui, sans-serif; font-size: 14px; color: var(--body-color);\">Polg\u00e1ri peres \u00e9s nemperes elj\u00e1r\u00e1sok<\/span><\/p>\n<p><strong>V\u00e9gzetts\u00e9g:<\/strong><strong style=\"font-size: 14px; color: var(--body-color);\">&nbsp;<\/strong><\/p>\n<ul>\n<li style=\"font-size: 14px;\">P\u00e1zm\u00e1ny P\u00e9ter Katolikus Egyetem, Jog- \u00e9s \u00c1llamtudom\u00e1nyi Kar, p\u00e9nz\u00fcgyi jogi szakjog\u00e1sz (LL.M.) (2025)<\/li>\n<li>E\u00f6tv\u00f6s Lor\u00e1nd Tudom\u00e1nyegyetem, \u00c1llam- \u00e9s Jogtudom\u00e1nyi Kar, jog\u00e1sz szak (2023)<\/li><\/ul><ul style=\"font-size: 14px; font-family: 'Open Sans', system-ui, sans-serif; list-style-position: outside; list-style-image: none;\">\n<\/ul>\n<p><strong>Nyelvismeret:<\/strong>&nbsp;n\u00e9met<\/p>\t\t\t\t\t\t<\/div>\n\t\t\t\t<\/div>\n\t\t\t\t\t<\/div>\n\t\t<\/div>\n\t\t\t\t\t\t\t<\/div>\n\t\t<\/section>\n\t\t\t\t<section class=\"has-el-gap el-gap-default elementor-section elementor-top-section elementor-element elementor-element-8df994e elementor-section-boxed elementor-section-height-default elementor-section-height-default\" data-id=\"8df994e\" data-element_type=\"section\">\n\t\t\t\t\t\t<div class=\"elementor-container elementor-column-gap-no\">\n\t\t\t\t\t<div class=\"elementor-column elementor-col-100 elementor-top-column elementor-element elementor-element-cfb6c61\" data-id=\"cfb6c61\" data-element_type=\"column\">\n\t\t\t<div class=\"elementor-widget-wrap elementor-element-populated\">\n\t\t\t\t\t\t\t\t<div class=\"elementor-element elementor-element-d0af0b2 elementor-widget-divider--separator-type-pattern elementor-widget-divider--view-line elementor-widget elementor-widget-divider\" data-id=\"d0af0b2\" data-element_type=\"widget\" data-widget_type=\"divider.default\">\n\t\t\t\t<div class=\"elementor-widget-container\">\n\t\t\t\t\t<div class=\"elementor-divider\" style=\"--divider-pattern-url: url(&quot;data:image\/svg+xml,%3Csvg xmlns=&#039;http:\/\/www.w3.org\/2000\/svg&#039; preserveAspectRatio=&#039;none&#039; overflow=&#039;visible&#039; height=&#039;100%&#039; viewBox=&#039;0 0 20 16&#039; fill=&#039;none&#039; stroke=&#039;black&#039; stroke-width=&#039;1&#039; stroke-linecap=&#039;square&#039; stroke-miterlimit=&#039;10&#039;%3E%3Cg transform=&#039;translate(-12.000000, 0)&#039;%3E%3Cpath d=&#039;M28,0L10,18&#039;\/%3E%3Cpath d=&#039;M18,0L0,18&#039;\/%3E%3Cpath d=&#039;M48,0L30,18&#039;\/%3E%3Cpath d=&#039;M38,0L20,18&#039;\/%3E%3C\/g%3E%3C\/svg%3E&quot;);\">\n\t\t\t<span class=\"elementor-divider-separator\">\n\t\t\t\t\t\t<\/span>\n\t\t<\/div>\n\t\t\t\t<\/div>\n\t\t\t\t<\/div>\n\t\t\t\t\t<\/div>\n\t\t<\/div>\n\t\t\t\t\t\t\t<\/div>\n\t\t<\/section>\n\t\t\t\t\t\t<\/div>\n\t\t\t\t\t<\/div>\n\t\t","protected":false},"excerpt":{"rendered":"<p>Dr. Biczi Tam\u00e1s \u2013 \u00fcgyv\u00e9d Szakter\u00fclet:\u00a0 Szerz\u0151d\u00e9sek joga, Szem\u00e9lyis\u00e9gi jogi perek, Szellemi alkot\u00e1sok joga, C\u00e9gek, v\u00e1llalatok \u00e1lland\u00f3 k\u00e9pviselete, Gazdas\u00e1gi jogi jogvit\u00e1k, polg\u00e1ri peres \u00e9s nem peres elj\u00e1r\u00e1sok, Polg\u00e1ri jog V\u00e9gzetts\u00e9g: E\u00f6tv\u00f6s Lor\u00e1nd Tudom\u00e1nyegyetem, \u00c1llam- \u00e9s Jogtudom\u00e1nyi Kar jog\u00e1sz (1994), T\u00e1rsas\u00e1gi jogi szakjog\u00e1sz (2001) Nyelvismeret: angol Dr. Turi Gy\u00f6rgy \u2013 \u00fcgyv\u00e9d Szakter\u00fclet:\u00a0 K\u00f6zigazgat\u00e1si jog, K\u00f6vetel\u00e9sek behajt\u00e1sa,\u00a0Jogi<\/p>\n","protected":false},"author":1,"featured_media":0,"parent":0,"menu_order":0,"comment_status":"closed","ping_status":"closed","template":"elementor_theme","meta":{"footnotes":""},"class_list":["post-17","page","type-page","status-publish"],"_links":{"self":[{"href":"https:\/\/b-t.hu\/index.php\/wp-json\/wp\/v2\/pages\/17","targetHints":{"allow":["GET"]}}],"collection":[{"href":"https:\/\/b-t.hu\/index.php\/wp-json\/wp\/v2\/pages"}],"about":[{"href":"https:\/\/b-t.hu\/index.php\/wp-json\/wp\/v2\/types\/page"}],"author":[{"embeddable":true,"href":"https:\/\/b-t.hu\/index.php\/wp-json\/wp\/v2\/users\/1"}],"replies":[{"embeddable":true,"href":"https:\/\/b-t.hu\/index.php\/wp-json\/wp\/v2\/comments?post=17"}],"version-history":[{"count":93,"href":"https:\/\/b-t.hu\/index.php\/wp-json\/wp\/v2\/pages\/17\/revisions"}],"predecessor-version":[{"id":509,"href":"https:\/\/b-t.hu\/index.php\/wp-json\/wp\/v2\/pages\/17\/revisions\/509"}],"wp:attachment":[{"href":"https:\/\/b-t.hu\/index.php\/wp-json\/wp\/v2\/media?parent=17"}],"curies":[{"name":"wp","href":"https:\/\/api.w.org\/{rel}","templated":true}]}}